{"id":7,"date":"2016-02-18T14:59:06","date_gmt":"2016-02-18T14:59:06","guid":{"rendered":"https:\/\/lietaviete.wordpress.com\/about\/"},"modified":"2026-01-16T20:52:32","modified_gmt":"2026-01-16T18:52:32","slug":"about","status":"publish","type":"page","link":"https:\/\/ineselietaviete.lv\/index.php\/about\/","title":{"rendered":"Par mani"},"content":{"rendered":"<p><strong><img loading=\"lazy\" decoding=\"async\" class=\"  wp-image-59 alignleft\" src=\"https:\/\/ineselietaviete.lv\/wp-content\/uploads\/2019\/03\/il_1.jpg\" alt=\"IL_1\" width=\"272\" height=\"276\" srcset=\"https:\/\/ineselietaviete.lv\/wp-content\/uploads\/2019\/03\/il_1.jpg 2580w, https:\/\/ineselietaviete.lv\/wp-content\/uploads\/2019\/03\/il_1-296x300.jpg 296w, https:\/\/ineselietaviete.lv\/wp-content\/uploads\/2019\/03\/il_1-768x778.jpg 768w, https:\/\/ineselietaviete.lv\/wp-content\/uploads\/2019\/03\/il_1-1011x1024.jpg 1011w, https:\/\/ineselietaviete.lv\/wp-content\/uploads\/2019\/03\/il_1-1568x1589.jpg 1568w\" sizes=\"auto, (max-width: 272px) 100vw, 272px\" \/><\/strong><\/p>\n<p><strong>Inese Lietaviete<\/strong>, Mg.Psych,<\/p>\n<p>kl\u012bnisk\u0101 psiholo\u0123e, sertific\u0113ta kognit\u012bvi \u2013 biheivior\u0101l\u0101 terapeite (KBT) un supervizore. Vada semin\u0101rus par stresa p\u0101rvar\u0113\u0161anu, apzin\u0101t\u012bbas praksi, saskarsmi un komunik\u0101ciju, gar\u012bgo un psiholo\u0123isko resursu atra\u0161anu un stiprin\u0101\u0161anu. Akad\u0113miskaj\u0101 jom\u0101 p\u0113ta stresa p\u0101rvar\u0113\u0161anas strat\u0113\u0123iju un p\u0113ctraumas izaugsmes mijiedarb\u012bbu onkolo\u0123iskajiem pacientiem.<\/p>\n<p><strong>Darba pieredze:<\/strong><\/p>\n<ul>\n<li>no 2017. gada \u2013 <strong>Ineses Lietavietes priv\u0101tprakse<\/strong><\/li>\n<li>no 2011. gada \u2013 B\u0113rnu kl\u012bnisk\u0101s universit\u0101tes slimn\u012bcas <strong>&#8220;Vec\u0101ku m\u0101jas&#8221;\u00a0<\/strong>psiholo\u0123e<\/li>\n<li>2009.-2023. \u2013 <strong>R\u012bgas Augst\u0101kais Reli\u0123isko Zin\u0101t\u0146u Instit\u016bts<\/strong>, lektore kl\u012bniskaj\u0101 un reli\u0123ijas psiholo\u0123ij\u0101, studentu pastor\u0101l\u0101s prakses vad\u012bt\u0101ja<\/li>\n<li>2017.-2019. \u2013 psiholo\u0123isk\u0101 konsult\u0113\u0161ana medic\u012bnas centr\u0101 <strong>&#8220;D.A.P. S\u0101pju kl\u012bnika&#8221;<\/strong><\/li>\n<li>2013.-2014. VSIA <strong>&#8220;R\u012bgas Psihiatrijas un narkolo\u0123ijas centrs&#8221;<\/strong>\u00a0psiholo\u0123e (psihodiagnostika)<\/li>\n<li>2009.-2010.\u2013 <strong>Latvijas Neredz\u012bgo biedr\u012bba<\/strong>, soci\u0101l\u0101s rehabilit\u0101cijas projektu koordinatore R\u012bgas re\u0123ion\u0101<\/li>\n<\/ul>\n<p><strong>Izgl\u012bt\u012bba:<\/strong><\/p>\n<ul>\n<li>2026. Latvijas Universit\u0101tes psiholo\u0123ijas doktorant\u016bra ar specializ\u0101ciju kl\u012bniskaj\u0101 psiholo\u0123ij\u0101 (kognit\u012bvi biheivior\u0101l\u0101s terapijas novirziens)<\/li>\n<li>2004.-2009. \u013bub\u013cinas Kato\u013cu Universit\u0101te (Polija). Specialit\u0101te: psiholo\u0123ijas ma\u0123istrs<br \/>\n(specializ\u0101cija kl\u012bniskaj\u0101 un izgl\u012bt\u012bbas psiholo\u0123ij\u0101)<\/li>\n<li>1996.-2003. R\u012bgas Lieti\u0161\u0137\u0101s M\u0101kslas koled\u017ea. Specialit\u0101te: rekl\u0101mas un interjera dizaineris<\/li>\n<\/ul>\n<p><strong>Noz\u012bm\u012bg\u0101k\u0101 papildizgl\u012bt\u012bba:<\/strong><\/p>\n<ul>\n<li>2025. &#8220;Acceptance and Commitment Therapy&#8221;. Dr. Maria Karekla; University of Cyprus. Kognit\u012bvi biheivior\u0101l\u0101s terapijas m\u0101c\u012bbu centrs &amp; Latvijas Kl\u012bnisko psihologu asoci\u0101cija.<\/li>\n<li>2021.-2023. KBT supervizoru apm\u0101c\u012bbas. Prof. J\u00e1n Pra\u0161ko, MD, PhD; Odyssea, International CBT institute Department of Psychiatry, Faculty of Medicine and Dentistry, University Palacky Olomouc, University Hospital Olomouc (\u010cehija).<\/li>\n<li>2022. Dialektiski biheivior\u0101l\u0101 terapija. Kompleksu p\u0113ctraumas stresa trauc\u0113jumu \u0101rst\u0113\u0161ana (DBT \u2013 PTSD). &#8220;Avanced DBT for Complex Post-Traumatic Stress Disorder&#8221; Prof. Dr. Martin Bohus; Heidelbergas Universit\u0101te (V\u0101cija).<\/li>\n<li>2021. &#8220;Acceptance and Commitment Therapy: Basic and beyond&#8221;. Dr. Maria C\u00e9u Salvador; University of Coimbra (Portugal), Portuguese Association for Behavioural Terapies &amp; Baltic Schema Therapy Institute.<\/li>\n<li>2020.-2021. Sh\u0113mu terapijas apm\u0101c\u012bbas. &#8220;Schema Therapy Foundations: Theory and Core Skills &amp; Advanced Schema Therapy for Complex Cases&#8221;. Schema Therapy School &amp; Baltic Schema Therapy Institute.<\/li>\n<li>2013.-2017. Kognit\u012bvi biheivior\u0101l\u0101s psihoterapijas apm\u0101c\u012bbas (1600 stundas) International CBT Institute (\u010cehija) and Latvian Association for Cognitive and Behavioral Therapies.<\/li>\n<li>2015.-2016. B\u0101zes kurss: MBSR Mindfulness-Based Stress Reduction, MBCT Mindfulness-Based Cognitive Therapy (35 stundas). Papildkursi: Mindful Parenting, MB-Eat, MFN organiz\u0101cij\u0101 un biznes\u0101 (45 stundas). Neuromedicinos Institutas (Lietuva).<\/li>\n<li>18.-20.06.2015. &#8220;B\u0113rnu un pusaud\u017eu uzved\u012bbas probl\u0113mas, uzman\u012bbas trauc\u0113jumi un hiperaktivit\u0101te: kognit\u012bvi biheivior\u0101l\u0101s terapijas pieeja.&#8221; (16 stundas). Semin\u0101ra vad\u012bt\u0101js: Wim de May, PhD (Be\u013c\u0123ija).<\/li>\n<li>10.-11.10.2013. &#8220;Cultivating self-esteem with Cognitive therapy&#8221; (16 stundas). Semin\u0101ra vad\u012bt\u0101ja: Melanie J.Fennell, PhD, Oxford Cognitive Therapy Centre.<\/li>\n<li>21.-29.08.2013. Course in Neuroscience. International Brain Research Organization. (Apliec\u012bba Nr.021922, izdev\u0113js: LU Biolo\u0123ijas fakult\u0101te)<\/li>\n<li>2013.gads &#8211; Augst\u0101k\u0101s izgl\u012bt\u012bbas pedagogu profesion\u0101l\u0101s pilnveides programma &#8220;Inov\u0101cijas augstskolu didaktik\u0101&#8221; (160 stundas). (Sertifik\u0101ta Nr. 13-1142, izdev\u0113js: LLU, 17.06.2013.).<\/li>\n<li>2013. gads &#8211; Vudkoka &#8211; D\u017eonsones kognit\u012bvo sp\u0113ju tests. (Sertifik\u0101ta Nr. 310-23-2013, izdev\u0113js: Woodcock-Mu\u00f1oz Foundation, 10.04.2003.).<\/li>\n<li>18.01.2013. Psihiatru asoci\u0101cijas konference par \u0161izofr\u0113nisk\u0101 spektra trauc\u0113jumiem. (Sertifik\u0101ta Nr. A155).<\/li>\n<li>2011. gads &#8211; Vec\u0101ku m\u0101c\u012bbu programmas &#8220;B\u0113rnu emocion\u0101l\u0101 audzin\u0101\u0161ana&#8221; vad\u012bt\u0101ja sertifik\u0101ts (Nr. 03\/2011, izdots 01.06.2011.) (36 stundas).<\/li>\n<li>31.08.2010. &#8220;Soci\u0101l\u0101s rehabilit\u0101cijas pakalpojumu pielietojums projekta \u012bsteno\u0161an\u0101&#8221; (8 stundas). (Apliecin\u0101juma Nr.75, izdev\u0113js: Labkl\u0101j\u012bbas Ministrija).<\/li>\n<li>14.-15.12.2009. &#8220;Neredz\u012bgo un v\u0101jredz\u012bgo cilv\u0113ku apm\u0101c\u012bbas specifika, m\u0101c\u012bbu metodes un pa\u0146\u0113mieni&#8221; (16 stundas). (Apliec\u012bba Nr.22, izdev\u0113js LNB).<\/li>\n<li>2009. gads &#8211; profesion\u0101l\u0101s apm\u0101c\u012bbas kurss &#8220;Ievads kl\u012bniskaj\u0101 pastor\u0101laj\u0101 apr\u016bp\u0113&#8221; (160 stundas). (Izdev\u0113js: LPVAKA, 01.12.2009.).<\/li>\n<li>2008. gads &#8211; M\u0101kslas terapijas metodes darb\u0101 ar grupu (Arteterapia w pracy z grup\u0105) (22 stundas). (Izdev\u0113js: O\u015brodek terapii i rozwoju (Polij\u0101), 01.12.2008.)<\/li>\n<li>2008. gads &#8211; Audzin\u0101\u0161anas prasmju treni\u0146\u0161 vec\u0101kiem (Trening umiej\u0119tno\u015bci wychowawczych) (30 stundas). (Izdev\u0113js: Specjalistyczna poradnia psychoprofilaktyki i terapii rodzin (Polij\u0101), 11.01.2008.).<\/li>\n<\/ul>\n","protected":false},"excerpt":{"rendered":"<p>This is just a short excerpt for the about&nbsp;page.<\/p>\n","protected":false},"author":1,"featured_media":0,"parent":0,"menu_order":1,"comment_status":"closed","ping_status":"closed","template":"","meta":{"footnotes":""},"class_list":["post-7","page","type-page","status-publish","hentry"],"jetpack_sharing_enabled":false,"_links":{"self":[{"href":"https:\/\/ineselietaviete.lv\/index.php\/wp-json\/wp\/v2\/pages\/7","targetHints":{"allow":["GET"]}}],"collection":[{"href":"https:\/\/ineselietaviete.lv\/index.php\/wp-json\/wp\/v2\/pages"}],"about":[{"href":"https:\/\/ineselietaviete.lv\/index.php\/wp-json\/wp\/v2\/types\/page"}],"author":[{"embeddable":true,"href":"https:\/\/ineselietaviete.lv\/index.php\/wp-json\/wp\/v2\/users\/1"}],"replies":[{"embeddable":true,"href":"https:\/\/ineselietaviete.lv\/index.php\/wp-json\/wp\/v2\/comments?post=7"}],"version-history":[{"count":15,"href":"https:\/\/ineselietaviete.lv\/index.php\/wp-json\/wp\/v2\/pages\/7\/revisions"}],"predecessor-version":[{"id":974,"href":"https:\/\/ineselietaviete.lv\/index.php\/wp-json\/wp\/v2\/pages\/7\/revisions\/974"}],"wp:attachment":[{"href":"https:\/\/ineselietaviete.lv\/index.php\/wp-json\/wp\/v2\/media?parent=7"}],"curies":[{"name":"wp","href":"https:\/\/api.w.org\/{rel}","templated":true}]}}